he prime factors of h?
2, 17
Let c(j) = 21*j - 15. Let t(i) = -7*i + 5. Let l(v) = -4*c(v) - 11*t(v). What are the prime factors of l(-5)?
2, 5
Let d(s) = -30*s - 14. Let z be d(-5). Let x = z - 76. List the prime factors of x.
2, 3, 5
Let p = 815 - 412. What are the prime factors of p?
13, 31
Suppose 4*v - 8*v - 2*z + 3634 = 0, -4*z - 931 = -v. List the prime factors of v.
911
Let q(a) be the first derivative of -a**3 - 5 + 2*a**2 + 0*a - 1/2*a**4. List the prime factors of q(-3).
3, 5
Let g = 582 - 347. List the prime factors of g.
5, 47
Suppose -20*l + 1372 = -16*l. What are the prime factors of l?
7
Let w(z) = -1. Let t(p) = -6*p + 21. Let y(b) = t(b) - 2*w(b). List the prime factors of y(-4).
47
Let q(j) be the third derivative of j**5/30 + 5*j**4/24 - 17*j**3/6 - 30*j**2. List the prime factors of q(9).
2, 5, 19
Let c = 11589 - 8158. What are the prime factors of c?
47, 73
Let i be -2 + 0 + (0 - -6). Let z(q) = -4*q**3 + i*q**2 - 2 + 4 - q**3 + 7*q + 4*q**3. What are the prime factors of z(5)?
2, 3
Let a = 3081 - 2171. List the prime factors of a.
2, 5, 7, 13
List the prime factors of (-16244)/(-10) - 48/120.
2, 7, 29
Let m(k) = k**2 + 2*k - 1. Let l be m(1). Let h(z) = 0*z - l + z**3 - 2*z + 3*z + 2*z**2. What are the prime factors of h(2)?
2
Let v be ((-108)/(-48))/((-3)/64). Let q = v + 198. List the prime factors of q.
2, 3, 5
Suppose 6*c - 18 + 0 = 0. Suppose -2*i + g = 36 - 447, c*g = -2*i + 415. What are the prime factors of i?
2, 103
Let u(a) = 5*a - 16. Let v be u(4). Suppose 61 = v*y - 315. What are the prime factors of y?
2, 47
Suppose -5*z + 5*l + 225 = 0, -3*z = -l - 190 + 59. Suppose -n - z = -3*t, -2*n - 65 = -5*t + n. What are the prime factors of t?
2
Let w = -159 + 94. Let t = 116 + w. What are the prime factors of t?
3, 17
Let i(t) = 654*t**2 + 5*t + 3. What are the prime factors of i(2)?
11, 239
Let v(o) = 18*o**2 - 8*o + 22. What are the prime factors of v(6)?
2, 311
Let x(v) be the third derivative of v**5/20 - v**4/24 + 4*v**2. What are the prime factors of x(3)?
2, 3
List the prime factors of ((-442)/39)/((-4)/582).
17, 97
Let w(u) = -u**3 + 9*u**2 - 8*u + 1. Let y be w(8). Let c(q) = 2*q + 0 - 4*q**2 + y - 8*q + q - q**3. List the prime factors of c(-4).
3, 7
What are the prime factors of 0 - (-15)/(45/2778)?
2, 463
Let n(u) = 2*u - 4. Let o(i) = i + 1. Let b(v) = n(v) - o(v). Let a be b(16). Suppose a = d - 7. List the prime factors of d.
2, 3
Suppose -361 = 5*t - r, 3*r + 68 = -t - r. Let m = t - -149. What are the prime factors of m?
7, 11
Let g = 65 - 63. Suppose -2*i + 882 = -g*m + 356, 3*i - 5*m = 779. What are the prime factors of i?
2, 67
Suppose -56 + 961 = 5*v. Suppose -3*j + 50 = -v. Let y = j - 39. What are the prime factors of y?
2, 19
Let a(b) = -4*b**2 + 2*b - 4. Let i(k) = 3*k**2 - k + 4. Let x(z) = -4*a(z) - 5*i(z). Let s be x(5). Suppose -s*v + 33 = -3*v. What are the prime factors of v?
11
Let l = -86 + 174. Suppose -3*k - k + l = 0. Suppose 2*v = k + 8. List the prime factors of v.
3, 5
Suppose 5*v - 1010 = -0*v. Let s = 10 + v. What are the prime factors of s?
2, 53
Let m(l) = -20*l + 2. Let b be m(-7). Suppose -4*s = -b - 126. List the prime factors of s.
67
Suppose -x - 5 = 2*h, 1 + 9 = 4*h - 2*x. Let n(m) = m + 49. List the prime factors of n(h).
7
Suppose 5*m = 2*a + 602 - 4467, -5778 = -3*a + m. What are the prime factors of a?
5, 7, 11
Let r(b) = b**3 + 6*b**2 - 5*b + 6. Let f be r(-7). What are the prime factors of ((-28)/6)/(f/108)?
3, 7
Let a(w) = -w**2 - 10*w + 21. Let y be a(-12). Let p(l) = 15*l**2 - 3*l - 10. List the prime factors of p(y).
2, 67
Suppose -2*k + 4*s = -3192, -50*k + 5*s = -47*k - 4793. What are the prime factors of k?
2, 11, 73
Suppose 5*u = 2*u + 15. Suppose -3*i + 0*i - y = -122, -u*y = -3*i + 128. What are the prime factors of i?
41
Suppose -35*s - 29*s + 122752 = 0. What are the prime factors of s?
2, 7, 137
Let t(u) = -4*u + 16. Let y be (7 - 28)/1 + -1 + 1. List the prime factors of t(y).
2, 5
Suppose 8*r - 131 = -27. Let d(h) = h**2 + 2*h - 6. What are the prime factors of d(r)?
3, 7
List the prime factors of ((-1810)/(-4) + -5)/((-2)/(-4)).
5, 179
Let i(u) be the first derivative of u**4/6 - 2*u**3/3 + 5*u**2 - 3*u + 1. Let x(q) be the first derivative of i(q). List the prime factors of x(4).
2, 13
Let b(v) = -v**3 - 4*v**2 - 2*v + 9. Suppose -7*s = -s. Suppose s = 3*k - 4*u + 12, -4*k + u = -2*u + 16. List the prime factors of b(k).
17
Suppose -3*i + 64 = -5*b, -3*b - 2*i = -0*i + 46. Let v(n) = -6*n - 35. List the prime factors of v(b).
7
What are the prime factors of 67/(-2)*-3 - (-13)/26?
101
Let k(o) = o**3 + 40*o**2 + 111*o + 55. What are the prime factors of k(-34)?
3217
Let z(q) = -q**3 + 7*q**2 + 8*q + 5. Let h be z(8). Suppose h*x - 71 = 94. List the prime factors of x.
3, 11
Let g = -231 + 241. What are the prime factors of g?
2, 5
Suppose -1819 = 14*r - 7097. What are the prime factors of r?
13, 29
Let v(p) = -p**2 + 5*p - 7. Let s be v(6). Let r(k) = -8*k - 16. What are the prime factors of r(s)?
2, 11
Let o be 1/4 + (-285)/(-12). What are the prime factors of ((-150)/o - -5)/(1/(-32))?
2, 5
Let b = 1473 - 1037. List the prime factors of b.
2, 109
Suppose p = 4*f - 86 + 3328, p - 3254 = -2*f. List the prime factors of p.
2, 5, 13
Suppose 0 = -10*r + 7*r + 6. Suppose r*b + 67 = m, 2*b - 27 - 248 = -5*m. What are the prime factors of m?
3, 19
Let j(n) be the first derivative of -n**5/20 - n**4/3 - n**3/6 - n**2/2 - 2*n - 3. Let o(k) be the first derivative of j(k). List the prime factors of o(-4).
3
Let u be (14 - 2)/6*251. Suppose -q + 3*o + 22 + 121 = 0, 4*q + 2*o - u = 0. What are the prime factors of q?
2
Let c be (36 - 0)/(13 + -12). Suppose k - 3*k = -c. Suppose 4*f - k = -2. What are the prime factors of f?
2
Suppose 5*g - 19 = 2*h, -5*g + 2*h + 4 = -3*g. Suppose 16*a + 102 = 19*a. Suppose g = -n + a. List the prime factors of n.
29
Let d be 14*((-28)/(-8) + -3). Suppose 2*h - 14 = -3*f, 2*h = 4*f + 7 + d. Suppose h*u = 14 + 77. List the prime factors of u.
13
Let w = 179 - 60. List the prime factors of w.
7, 17
Suppose -n + 0*n = -3. Let q be (42/(-28))/(n/(-22)). Let b = q + 40. List the prime factors of b.
3, 17
Let o(n) = 11*n**2 - 44*n + 176. What are the prime factors of o(15)?
11, 181
Suppose 4*g - 2*i = 5*g - 1080, 3218 = 3*g - 5*i. What are the prime factors of g?
2, 269
Let d(v) = 16*v**2 + 17*v + 25. What are the prime factors of d(-5)?
2, 5, 17
Let p(s) = -s**3 - 13*s**2 - 7*s + 13. Let l be p(-13). Suppose 0 = 3*d + 5*i - 84, -3*d - 4*i + l = d. What are the prime factors of d?
23
Suppose 32 = -4*w + m, -30 = 3*w - w - 4*m. Let n(q) = q**2 + 6*q + 28. List the prime factors of n(w).
5, 7
Let c(z) = -z + 3. Suppose 5*y + 0*n - 58 = -2*n, 0 = -2*y - n + 24. Let t = -19 + y. What are the prime factors of c(t)?
2, 3
Let m(n) = -n - n**3 + 4*n**3 + 7 + 0*n**3 - 2*n**3. What are the prime factors of m(4)?
67
Let f(h) = 5*h**2 + h. Let l be f(-1). Let n = 1 + l. Suppose -61 = -2*k - k - 4*j, -3*j - 121 = -n*k. What are the prime factors of k?
23
Suppose -3*b = -15 - 36. Suppose -5*k + b + 153 = 0. What are the prime factors of k?
2, 17
Let i(p) = -3*p**2 + 4*p**3 - 10 + 7*p + 16 - 7 - 4*p. Suppose -5*q - 22 = v - 2*v, 3*q = v - 14. What are the prime factors of i(v)?
5
Let p(a) be the third derivative of 7*a**4/24 + 11*a**3/3 - 16*a**2. What are the prime factors of p(7)?
71
Let z(s) = -s - 8. Let v = -35 - -19. What are the prime factors of z(v)?
2
Suppose r + 3*j + 1978 = 277, 3*r + j + 5079 = 0. List the prime factors of r/(-15) + 1/5.
113
Suppose -15 = -14*o + 9*o. Suppose 400 = 8*i - o*i. What are the prime factors of i?
2, 5
Suppose -o - g = 10, -o = -g + 5*g + 16. What are the prime factors of o/(-6)*213/2?
2, 71
Suppose 2*s + 568 + 483 = 5*a, -a = s + 529. What are the prime factors of 2/5 + -3 + s/(-5)?
103
Let f be 7/(-21)*(2 + -2). Suppose f = 5*a - 0*a - 3*z - 106, 80 = 4*a - 4*z. What are the prime factors of a?
23
Suppose 10*t = 6*t + 88. Let x = -3 + t. List the prime factors of x.
19
Suppose -6 = r - 31. List the prime factors of r/(7 - 2) - 3 - -73.
3, 5
Let h be (-48)/((-15)/5) - 3. Suppose h = -q + 2*l + 31, 54 = 3*q + 2*l. What are the prime factors of q?
2, 3
Suppose 3*f + 2*l + 3*l - 2014 = 0, 3*f - 2038 =